 l(j) = -3*j**3 + 163*j**2 - 210*j - 235. What is l(53)?
-129
Let r(h) = -1577*h**2 - 31*h + 1. Calculate r(-1).
-1545
Let k(n) = 9*n**2 + 167*n + 714. Determine k(-4).
190
Let h(x) = 244*x - 6204. Calculate h(22).
-836
Let h(s) = -s**3 + 7*s**2 - 4553*s + 22763. What is h(5)?
48
Let w(z) = 5*z**3 - 120*z**2 - 2575*z + 61834. Give w(24).
34
Let a(k) = -25755*k - 360534. Give a(-14).
36
Let n(m) = -35*m**3 + 349*m**2 + 10*m - 18. Calculate n(10).
-18
Let x(o) = 1494*o + 37233. Calculate x(-25).
-117
Let s(k) = -4158*k - 3738042. Determine s(-899).
0
Let q(o) = 12574*o - 175989. Determine q(14).
47
Let w(s) = -104*s - 10541. Determine w(-104).
275
Let w(h) = 2*h**3 + 43*h**2 + 260*h + 381. Determine w(-9).
66
Let s(c) = 593*c - 46347. What is s(78)?
-93
Let c(h) = 720*h + 45357. Determine c(-63).
-3
Let d(z) = -z**3 - 47*z**2 + 97*z + 507. Determine d(-48).
-1845
Let m(o) = 15819*o**2 + 79104*o + 7. Calculate m(-5).
-38
Let r(c) = 3*c**2 + 632*c + 31911. Give r(-87).
-366
Let m(u) = 49139*u + 393111. Determine m(-8).
-1
Let v(s) = 2*s**3 - 75*s**2 - 73*s + 438. What is v(2)?
8
Let m(k) = -190*k - 10351. Calculate m(-55).
99
Let p(u) = -2*u**3 + 272*u**2 - 298*u + 4464. Give p(135).
684
Let s(l) = -l**3 + 24*l**2 - 41*l - 1212. Determine s(18).
-6
Let c(h) = -165364*h - 5291644. Calculate c(-32).
4
Let y(b) = -1473*b - 6869. Give y(-5).
496
Let t(n) = n**3 - 150*n**2 + 608*n + 16952. What is t(145)?
-13
Let u(q) = -q**2 - 7970*q - 39857. What is u(-5)?
-32
Let p(j) = 314*j**2 - 9238*j + 27707. Calculate p(3).
2819
Let m(r) = r**3 - 186*r**2 - 9038*r - 454. Give m(226).
-2
Let i(w) = -129*w + 37840. What is i(293)?
43
Let o(v) = -v**3 - 944*v**2 + 447976*v - 1296. Give o(-1291).
-5
Let l(h) = h**2 + 2*h + 140. Calculate l(-22).
580
Let b(j) = -j**3 - 13*j**2 + 3*j + 105. Give b(-4).
-51
Let j(c) = c**3 - 431*c**2 + 1717*c - 3768. Give j(427).
75
Let s(q) = -q**3 - q**2 - 232*q - 1004. What is s(-4)?
-28
Let g(l) = -3813*l + 41976. What is g(11)?
33
Let x(l) = -14468*l + 1634890. What is x(113)?
6
Let g(k) = -5*k**2 + 108*k - 255. Determine g(20).
-95
Let m(i) = -5*i**3 - 10*i**2 + 4*i + 2. Determine m(-2).
-6
Let z(f) = f**3 - 66*f**2 + 896*f - 116. What is z(19)?
-59
Let l(j) = 2*j**3 + 14*j**2 + 16*j + 8. Give l(-6).
-16
Let n(f) = -f**2 - 1595*f + 1880979. What is n(789)?
3
Let y(u) = -353354*u - 1060058. What is y(-3)?
4
Let i(y) = 5*y**2 + 5828*y - 367678. Calculate i(60).
2
Let d(a) = -2*a**2 - 187*a + 195713. What is d(-363)?
56
Let h(l) = -2*l**2 + 7414*l + 1181079. Give h(-153).
-81
Let j(y) = 109*y**2 - 98*y + 135. Calculate j(-5).
3350
Let t(f) = 1010*f - 450496. Give t(446).
-36
Let h(x) = x**3 - 33*x**2 - 328*x + 93. What is h(41)?
93
Let u(z) = -6820*z + 234118. Calculate u(34).
2238
Let o(g) = -3*g**3 - 23*g**2 - 196*g - 961. Determine o(-5).
-181
Let h(x) = x**3 + 179*x**2 + 6955*x + 119. Determine h(-57).
62
Let w(s) = -172*s**2 + 2025*s - 2026. What is w(1)?
-173
Let z(i) = -227*i**3 - 1138*i**2 - 137*i - 606. Calculate z(-5).
4
Let m(h) = 18*h**2 + 48*h - 131. Calculate m(5).
559
Let n(x) = -12*x**2 + 1769*x - 1082. Give n(147).
-347
Let s(l) = -380*l**2 - 749*l + 9. Calculate s(-2).
-13
Let o(x) = 365*x + 15727. Determine o(-45).
-698
Let s(k) = -4*k**2 + 685*k - 394. Calculate s(0).
-394
Let u(m) = 48145*m - 96373. Determine u(2).
-83
Let m(a) = -33*a**2 + 4794*a + 3482. Calculate m(146).
-22
Let f(d) = 456*d - 126. Calculate f(-2).
-1038
Let b(a) = -210*a - 24591. What is b(-117)?
-21
Let p(y) = -3*y**3 - 117*y**2 - 16*y + 87. Give p(-39).
711
Let x(j) = -j**3 + 32*j**2 + 1947*j - 170. Calculate x(-31).
16
Let p(n) = 17*n**3 - 136*n**2 - 69*n + 562. Give p(8).
10
Let j(l) = -l**3 - 47*l**2 + 715*l + 165. What is j(-59)?
-248
Let l(p) = 111*p + 5067. Give l(-60).
-1593
Let h(o) = 1942*o**2 - 3799*o + 23. What is h(2)?
193
Let a(c) = 389*c + 17363. Determine a(-41).
1414
Let a(o) = 507*o**3 + 64*o**2 + 180*o + 112. Calculate a(-2).
-4048
Let m(h) = 4013*h + 27546. Give m(-7).
-545
Let f(q) = -256837*q + 10016646. Determine f(39).
3
Let z(m) = m**3 + 284*m**2 - 11*m - 3383. Determine z(-284).
-259
Let u(p) = -p**3 - 59*p**2 - 198*p + 1157. Determine u(-7).
-5
Let m(j) = -j**3 + 25*j**2 - 162*j + 5341. Determine m(27).
-491
Let k(b) = 6859*b**2 - 27470*b + 40. Give k(4).
-96
Let c(p) = -p**2 + 388*p - 32008. Calculate c(269).
3
Let p(w) = -2*w**3 - 5*w**2 + 2218*w - 326. Calculate p(32).
-6
Let d(u) = u**3 + 27*u**2 + 130*u + 401. Calculate d(-17).
1081
Let s(x) = 256*x - 7197. Give s(28).
-29
Let j(s) = s**3 - 140*s**2 - 288*s + 535. Give j(142).
-33
Let h(s) = -3*s**2 + 41431*s + 1662038. Give h(-40).
-2
Let x(o) = -151986*o - 17326405. Give x(-114).
-1
Let f(z) = -z**3 + 8*z**2 - 45*z + 390. Calculate f(9).
-96
Let l(k) = -k**2 - 2146*k + 27997. Calculate l(13).
-70
Let f(h) = 2*h**3 - 25*h**2 - 554*h + 6818. Calculate f(17).
1
Let l(b) = 19*b**3 - 3725*b**2 + 182*b + 2741. Determine l(196).
-3
Let p(r) = 2*r**3 - 13*r**2 - 1365*r - 182. What is p(-23)?
2
Let z(n) = -n**3 - 137*n**2 - 1151*n + 419. Determine z(-128).
291
Let n(z) = 370*z - 34016. Give n(92).
24
Let m(f) = f**3 - 74*f**2 + 275*f + 216. Determine m(70).
-134
Let l(z) = -7*z**3 + 23*z**2 + 2884*z - 8671. Determine l(3).
-1
Let o(k) = -k**3 + 17*k**2 - 729*k + 13432. Give o(18).
-14
Let m(v) = -35*v**2 - 78*v + 50. What is m(-7)?
-1119
Let x(m) = -m**3 + 15*m**2 - 24*m + 119. What is x(12)?
263
Let o(w) = 5564*w - 33866. Give o(5).
-6046
Let q(l) = l**3 - 17*l**2 + 1136*l - 7457. Calculate q(7).
5
Let u(s) = 87*s**2 + 205*s - 43. Calculate u(-3).
125
Let m(p) = p**3 + 508*p**2 + 50595*p + 1099. What is m(-372)?
-17
Let f(u) = -112*u**2 + 420*u + 125. Give f(4).
13
Let l(f) = -7330*f - 220212. Give l(-30).
-312
Let d(m) = 9286*m + 2275071. Give d(-245).
1
Let x(s) = 6040*s - 1528033. Give x(253).
87
Let j(z) = -6*z**3 + 1789*z**2 + 3305*z - 1536. Determine j(300).
-36
Let a(j) = -95*j**2 + 4414*j - 13231. Determine a(3).
-844
Let c(m) = -537*m**2 - 660*m - 11. Give c(-1).
112
Let l(t) = t**3 - 37*t**2 - 4*t + 4123. What is l(34)?
519
Let x(n) = n**3 + 43*n**2 + 219*n + 60. What is x(-37)?
171
Let r(d) = 10*d**2 - 497*d + 1480. Determine r(3).
79
Let n(z) = 1306*z - 8723. Give n(7).
419
Let o(k) = -60*k + 2239. Calculate o(57).
-1181
Let l(w) = 9*w**3 - 2*w**2 - 41*w + 116. Calculate l(4).
496
Let r(q) = -539*q + 7111. Give r(13).
104
Let s(z) = -11*z**2 + 259*z + 3568. What is s(-12)?
-1124
Let b(l) = -l**2 + 721*l + 9711. Give b(-13).
169
Let i(s) = 3208*s + 270071. Calculate i(-84).
599
Let s(f) = -1376*f + 160997. Give s(117).
5
Let f(o) = -3804*o + 49402. What is f(13)?
-50
Let u(p) = -41*p**2 + 314*p + 36. What is u(4)?
636
Let n(s) = -559*s + 66259. What is n(120)?
-821
Let q(o) = -2874*o - 531786. What is q(-185)?
-96
Let s(b) = -189*b**2 + 2024*b - 2023. Determine s(1).
-188
Let j(t) = 5*t**3 - 85*t**2 - 264*t + 887. Calculate j(20).
1607
Let j(z) = z**3 + 6*z**2 - 221*z + 1264. Determine j(6).
370
Let g(q) = 8*q**2 + 698*q + 7188. What is g(-12)?
-36
Let u(h) = h**2 - 36*h - 315. Give u(49).
322
Let n(g) = g**2 - 358*g - 62209. Calculate n(-128).
-1
Let u(d) = 2407*d - 24178. Give u(10).
-108
Let c(i) = 199*i - 29656. Calculate c(167).
3577
Let a(q) = -1580*q - 10995. Calculate a(-7).
65
Let z(j) = 176554*j - 8298035. Give z(47).
3
Let h(u) = -28*u**2 + 247*u + 11388. Give h(25).
63
Let d(n) = -6*n**3 + 247*n**2 - 310*n + 1214. Give d(40).
14
Let m(x) = -393353*x + 3540189. Calculate m(9).
12
Let d(i) = 734*i - 2230. What is d(-1)?
-2964
Let d(g) = -12*g**3 - 1843*g**2 - 1060*g + 1307. What is d(-153)?
-376
Let v(o) = -o**3 + 131*o**2 - 6*o + 1021. What is v(131)?
235
Let n(f) = 5559*f**2 - 127867*f + 223. Calculate n(23).
-7
Let w(m) = -20905*m + 62803. Calculate w(3).
88
Let b(a) = 5*a**2 - 56181*a + 336905. What is b(6)?
-1
Let m(c) = 52*c**2 + 1261*c - 966. Calculate m(-25).
9
Let g(d) = 4705*d + 65930. Determine g(-14).
60
Let v(u) = -11*u**3 + 219*u**2 - 439*u + 9169. Give v(20).
-11
Let d(u) = 44768*u + 3178530. Determine d(-71).
2
Let s(w) = -w**2 + 25*w - 667. Give s(24).
-643
Let n(b) = -2*b**3 + 9*b**2 - 10*b - 50. Determine n(-3).
115
Let w(o) = 2774*o - 152599. Determine w(55).
-29
Let o(u) = 267*u + 5491. Give o(-14).
1753
Let q(u) = 291